

{"id":4975,"date":"2020-05-14T12:30:23","date_gmt":"2020-05-14T10:30:23","guid":{"rendered":"https:\/\/www.viennaartweek.at\/?page_id=4975"},"modified":"2020-11-05T19:36:43","modified_gmt":"2020-11-05T17:36:43","slug":"open-studio-days-2020","status":"publish","type":"page","link":"https:\/\/www.viennaartweek.at\/de\/open-studio-days-2020\/","title":{"rendered":"Open Studio Days 2020"},"content":{"rendered":"<p>W\u00e4hrend zwei Tagen am Samstag, 14 NOV und Sonntag, 15 NOV zwischen 13:00 und 18:00 haben Kunstinteressierte die einmalige Gelegenheit, einen Blick hinter die Kulissen k\u00fcnstlerischer Produktion zu werfen und mit Kunstschaffenden ins Gespr\u00e4ch zu kommen.<span class=\"Apple-converted-space\">\u00a0 <\/span>Der VIENNA ART WEEK ist es ein gro\u00dfes Anliegen, die Vielfalt und Qualit\u00e4t der Wiener Kunstproduktion vors Rampenlicht zu holen. Auf mehr als 450 teilnehmende K\u00fcnstlerinnen und K\u00fcnstler kann das seit 2012 bestehende Erfolgsformat Open Studio Days bereits zur\u00fcckblicken. Hier k\u00f6nnen Sie eine Auswahl an Interviews mit teilnehmenden K\u00fcnstlerinnen und K\u00fcnstlern des letzten Jahres nachlesen.<\/p>\n<p>Dieses Jahr \u00f6ffnen wieder 100 K\u00fcnstlerinnen und K\u00fcnstler ihre Ateliers. Dar\u00fcber hinaus f\u00fchrt ein kuratierter Ausstellungspfad, der LIVING RITUALS Exhibition Parcours, zu acht ausgew\u00e4hlten Ateliers, in denen neue Arbeiten zum Motto der Kunstwoche pr\u00e4sentiert und im Rahmen von Artist Talks diskutiert werden.<\/p>\n<p>Erg\u00e4nzt wird das Programm des Open Studio Days-Wochenendes mit zahlreichen gef\u00fchrten Touren innerhalb der Bezirke: Die Open Studio Days Walking Tours f\u00fchren fu\u00dfl\u00e4ufig zu Ateliers und zu weiteren bisher unentdeckten Orten der Wiener Kunstproduktion. Die Auswahl der 100 Teilnehmerinnen und Teilnehmer erfolgt durch eine Jury bestehend aus Robert Punkenhofer (k\u00fcnstlerischer Direktor VIENNA ART WEEK), Angela Stief (freie Kuratorin), Thomas Trummer (Direktor Kunsthaus Bregenz), Rita Vitorelli (K\u00fcnstlerin und Herausgeberin Spike Art Magazin) und Florian Waldvogel (Leiter Kunstgeschichtliche Sammlungen Tiroler Landesmuseen).<span class=\"Apple-converted-space\">\u00a0<\/span><\/p>\n","protected":false},"excerpt":{"rendered":"<p>W\u00e4hrend zwei Tagen am Samstag, 14 NOV und Sonntag, 15 NOV zwischen 13:00 und 18:00 haben Kunstinteressierte die einmalige Gelegenheit, einen Blick hinter die Kulissen k\u00fcnstlerischer Produktion zu werfen und mit Kunstschaffenden ins Gespr\u00e4ch zu kommen.\u00a0 Der VIENNA ART WEEK ist es ein gro\u00dfes Anliegen,\u2026<\/p>\n","protected":false},"author":1,"featured_media":0,"parent":0,"menu_order":104,"comment_status":"closed","ping_status":"closed","template":"page-osd.php","meta":{"_acf_changed":false,"footnotes":""},"class_list":["post-4975","page","type-page","status-publish","hentry"],"acf":[],"yoast_head":"<!-- This site is optimized with the Yoast SEO plugin v26.8 - https:\/\/yoast.com\/product\/yoast-seo-wordpress\/ -->\n<title>Open Studio Days 2020 | Vienna Art Week 2026<\/title>\n<meta name=\"robots\" content=\"index, follow, max-snippet:-1, max-image-preview:large, max-video-preview:-1\" \/>\n<link rel=\"canonical\" href=\"https:\/\/www.viennaartweek.at\/de\/open-studio-days-2020\/\" \/>\n<meta property=\"og:locale\" content=\"de_DE\" \/>\n<meta property=\"og:type\" content=\"article\" \/>\n<meta property=\"og:title\" content=\"Open Studio Days 2020 | Vienna Art Week 2026\" \/>\n<meta property=\"og:description\" content=\"W\u00e4hrend zwei Tagen am Samstag, 14 NOV und Sonntag, 15 NOV zwischen 13:00 und 18:00 haben Kunstinteressierte die einmalige Gelegenheit, einen Blick hinter die Kulissen k\u00fcnstlerischer Produktion zu werfen und mit Kunstschaffenden ins Gespr\u00e4ch zu kommen.\u00a0 Der VIENNA ART WEEK ist es ein gro\u00dfes Anliegen,\u2026\" \/>\n<meta property=\"og:url\" content=\"https:\/\/www.viennaartweek.at\/de\/open-studio-days-2020\/\" \/>\n<meta property=\"og:site_name\" content=\"Vienna Art Week 2026\" \/>\n<meta property=\"article:publisher\" content=\"https:\/\/www.facebook.com\/VIENNAARTWEEK\/\" \/>\n<meta property=\"article:modified_time\" content=\"2020-11-05T17:36:43+00:00\" \/>\n<meta name=\"twitter:card\" content=\"summary_large_image\" \/>\n<meta name=\"twitter:site\" content=\"@viennaartweek\" \/>\n<meta name=\"twitter:label1\" content=\"Gesch\u00e4tzte Lesezeit\" \/>\n\t<meta name=\"twitter:data1\" content=\"1\u00a0Minute\" \/>\n<script type=\"application\/ld+json\" class=\"yoast-schema-graph\">{\"@context\":\"https:\/\/schema.org\",\"@graph\":[{\"@type\":\"WebPage\",\"@id\":\"https:\/\/www.viennaartweek.at\/de\/open-studio-days-2020\/\",\"url\":\"https:\/\/www.viennaartweek.at\/de\/open-studio-days-2020\/\",\"name\":\"Open Studio Days 2020 | Vienna Art Week 2026\",\"isPartOf\":{\"@id\":\"https:\/\/www.viennaartweek.at\/de\/#website\"},\"datePublished\":\"2020-05-14T10:30:23+00:00\",\"dateModified\":\"2020-11-05T17:36:43+00:00\",\"breadcrumb\":{\"@id\":\"https:\/\/www.viennaartweek.at\/de\/open-studio-days-2020\/#breadcrumb\"},\"inLanguage\":\"de\",\"potentialAction\":[{\"@type\":\"ReadAction\",\"target\":[\"https:\/\/www.viennaartweek.at\/de\/open-studio-days-2020\/\"]}]},{\"@type\":\"BreadcrumbList\",\"@id\":\"https:\/\/www.viennaartweek.at\/de\/open-studio-days-2020\/#breadcrumb\",\"itemListElement\":[{\"@type\":\"ListItem\",\"position\":1,\"name\":\"Home\",\"item\":\"https:\/\/www.viennaartweek.at\/de\/home2022\/\"},{\"@type\":\"ListItem\",\"position\":2,\"name\":\"Open Studio Days 2020\"}]},{\"@type\":\"WebSite\",\"@id\":\"https:\/\/www.viennaartweek.at\/de\/#website\",\"url\":\"https:\/\/www.viennaartweek.at\/de\/\",\"name\":\"Vienna Art Week 2025\",\"description\":\"6-13 NOV 2026\",\"publisher\":{\"@id\":\"https:\/\/www.viennaartweek.at\/de\/#organization\"},\"potentialAction\":[{\"@type\":\"SearchAction\",\"target\":{\"@type\":\"EntryPoint\",\"urlTemplate\":\"https:\/\/www.viennaartweek.at\/de\/?s={search_term_string}\"},\"query-input\":{\"@type\":\"PropertyValueSpecification\",\"valueRequired\":true,\"valueName\":\"search_term_string\"}}],\"inLanguage\":\"de\"},{\"@type\":\"Organization\",\"@id\":\"https:\/\/www.viennaartweek.at\/de\/#organization\",\"name\":\"Vienna Art Week\",\"url\":\"https:\/\/www.viennaartweek.at\/de\/\",\"logo\":{\"@type\":\"ImageObject\",\"inLanguage\":\"de\",\"@id\":\"https:\/\/www.viennaartweek.at\/de\/#\/schema\/logo\/image\/\",\"url\":\"https:\/\/www.viennaartweek.at\/wp-content\/uploads\/2020\/04\/VAW-logo-01-VAW-BLACK.jpg\",\"contentUrl\":\"https:\/\/www.viennaartweek.at\/wp-content\/uploads\/2020\/04\/VAW-logo-01-VAW-BLACK.jpg\",\"width\":709,\"height\":484,\"caption\":\"Vienna Art Week\"},\"image\":{\"@id\":\"https:\/\/www.viennaartweek.at\/de\/#\/schema\/logo\/image\/\"},\"sameAs\":[\"https:\/\/www.facebook.com\/VIENNAARTWEEK\/\",\"https:\/\/x.com\/viennaartweek\",\"https:\/\/www.instagram.com\/viennaartweek\",\"https:\/\/www.youtube.com\/channel\/UCKepCir33JArLzmYqGJGI1Q\"]}]}<\/script>\n<!-- \/ Yoast SEO plugin. -->","yoast_head_json":{"title":"Open Studio Days 2020 | Vienna Art Week 2026","robots":{"index":"index","follow":"follow","max-snippet":"max-snippet:-1","max-image-preview":"max-image-preview:large","max-video-preview":"max-video-preview:-1"},"canonical":"https:\/\/www.viennaartweek.at\/de\/open-studio-days-2020\/","og_locale":"de_DE","og_type":"article","og_title":"Open Studio Days 2020 | Vienna Art Week 2026","og_description":"W\u00e4hrend zwei Tagen am Samstag, 14 NOV und Sonntag, 15 NOV zwischen 13:00 und 18:00 haben Kunstinteressierte die einmalige Gelegenheit, einen Blick hinter die Kulissen k\u00fcnstlerischer Produktion zu werfen und mit Kunstschaffenden ins Gespr\u00e4ch zu kommen.\u00a0 Der VIENNA ART WEEK ist es ein gro\u00dfes Anliegen,\u2026","og_url":"https:\/\/www.viennaartweek.at\/de\/open-studio-days-2020\/","og_site_name":"Vienna Art Week 2026","article_publisher":"https:\/\/www.facebook.com\/VIENNAARTWEEK\/","article_modified_time":"2020-11-05T17:36:43+00:00","twitter_card":"summary_large_image","twitter_site":"@viennaartweek","twitter_misc":{"Gesch\u00e4tzte Lesezeit":"1\u00a0Minute"},"schema":{"@context":"https:\/\/schema.org","@graph":[{"@type":"WebPage","@id":"https:\/\/www.viennaartweek.at\/de\/open-studio-days-2020\/","url":"https:\/\/www.viennaartweek.at\/de\/open-studio-days-2020\/","name":"Open Studio Days 2020 | Vienna Art Week 2026","isPartOf":{"@id":"https:\/\/www.viennaartweek.at\/de\/#website"},"datePublished":"2020-05-14T10:30:23+00:00","dateModified":"2020-11-05T17:36:43+00:00","breadcrumb":{"@id":"https:\/\/www.viennaartweek.at\/de\/open-studio-days-2020\/#breadcrumb"},"inLanguage":"de","potentialAction":[{"@type":"ReadAction","target":["https:\/\/www.viennaartweek.at\/de\/open-studio-days-2020\/"]}]},{"@type":"BreadcrumbList","@id":"https:\/\/www.viennaartweek.at\/de\/open-studio-days-2020\/#breadcrumb","itemListElement":[{"@type":"ListItem","position":1,"name":"Home","item":"https:\/\/www.viennaartweek.at\/de\/home2022\/"},{"@type":"ListItem","position":2,"name":"Open Studio Days 2020"}]},{"@type":"WebSite","@id":"https:\/\/www.viennaartweek.at\/de\/#website","url":"https:\/\/www.viennaartweek.at\/de\/","name":"Vienna Art Week 2025","description":"6-13 NOV 2026","publisher":{"@id":"https:\/\/www.viennaartweek.at\/de\/#organization"},"potentialAction":[{"@type":"SearchAction","target":{"@type":"EntryPoint","urlTemplate":"https:\/\/www.viennaartweek.at\/de\/?s={search_term_string}"},"query-input":{"@type":"PropertyValueSpecification","valueRequired":true,"valueName":"search_term_string"}}],"inLanguage":"de"},{"@type":"Organization","@id":"https:\/\/www.viennaartweek.at\/de\/#organization","name":"Vienna Art Week","url":"https:\/\/www.viennaartweek.at\/de\/","logo":{"@type":"ImageObject","inLanguage":"de","@id":"https:\/\/www.viennaartweek.at\/de\/#\/schema\/logo\/image\/","url":"https:\/\/www.viennaartweek.at\/wp-content\/uploads\/2020\/04\/VAW-logo-01-VAW-BLACK.jpg","contentUrl":"https:\/\/www.viennaartweek.at\/wp-content\/uploads\/2020\/04\/VAW-logo-01-VAW-BLACK.jpg","width":709,"height":484,"caption":"Vienna Art Week"},"image":{"@id":"https:\/\/www.viennaartweek.at\/de\/#\/schema\/logo\/image\/"},"sameAs":["https:\/\/www.facebook.com\/VIENNAARTWEEK\/","https:\/\/x.com\/viennaartweek","https:\/\/www.instagram.com\/viennaartweek","https:\/\/www.youtube.com\/channel\/UCKepCir33JArLzmYqGJGI1Q"]}]}},"_links":{"self":[{"href":"https:\/\/www.viennaartweek.at\/de\/wp-json\/wp\/v2\/pages\/4975","targetHints":{"allow":["GET"]}}],"collection":[{"href":"https:\/\/www.viennaartweek.at\/de\/wp-json\/wp\/v2\/pages"}],"about":[{"href":"https:\/\/www.viennaartweek.at\/de\/wp-json\/wp\/v2\/types\/page"}],"author":[{"embeddable":true,"href":"https:\/\/www.viennaartweek.at\/de\/wp-json\/wp\/v2\/users\/1"}],"replies":[{"embeddable":true,"href":"https:\/\/www.viennaartweek.at\/de\/wp-json\/wp\/v2\/comments?post=4975"}],"version-history":[{"count":14,"href":"https:\/\/www.viennaartweek.at\/de\/wp-json\/wp\/v2\/pages\/4975\/revisions"}],"predecessor-version":[{"id":5091,"href":"https:\/\/www.viennaartweek.at\/de\/wp-json\/wp\/v2\/pages\/4975\/revisions\/5091"}],"wp:attachment":[{"href":"https:\/\/www.viennaartweek.at\/de\/wp-json\/wp\/v2\/media?parent=4975"}],"curies":[{"name":"wp","href":"https:\/\/api.w.org\/{rel}","templated":true}]}}

<p>Während zwei Tagen am Samstag, 14 NOV und Sonntag, 15 NOV zwischen 13:00 und 18:00 haben Kunstinteressierte die einmalige Gelegenheit, einen Blick hinter die Kulissen künstlerischer Produktion zu werfen und mit Kunstschaffenden ins Gespräch zu kommen.<span class="Apple-converted-space">  </span>Der VIENNA ART WEEK ist es ein großes Anliegen, die Vielfalt und Qualität der Wiener Kunstproduktion vors Rampenlicht zu holen. Auf mehr als 450 teilnehmende Künstlerinnen und Künstler kann das seit 2012 bestehende Erfolgsformat Open Studio Days bereits zurückblicken. Hier können Sie eine Auswahl an Interviews mit teilnehmenden Künstlerinnen und Künstlern des letzten Jahres nachlesen.</p>
<p>Dieses Jahr öffnen wieder 100 Künstlerinnen und Künstler ihre Ateliers. Darüber hinaus führt ein kuratierter Ausstellungspfad, der LIVING RITUALS Exhibition Parcours, zu acht ausgewählten Ateliers, in denen neue Arbeiten zum Motto der Kunstwoche präsentiert und im Rahmen von Artist Talks diskutiert werden.</p>
<p>Ergänzt wird das Programm des Open Studio Days-Wochenendes mit zahlreichen geführten Touren innerhalb der Bezirke: Die Open Studio Days Walking Tours führen fußläufig zu Ateliers und zu weiteren bisher unentdeckten Orten der Wiener Kunstproduktion. Die Auswahl der 100 Teilnehmerinnen und Teilnehmer erfolgt durch eine Jury bestehend aus Robert Punkenhofer (künstlerischer Direktor VIENNA ART WEEK), Angela Stief (freie Kuratorin), Thomas Trummer (Direktor Kunsthaus Bregenz), Rita Vitorelli (Künstlerin und Herausgeberin Spike Art Magazin) und Florian Waldvogel (Leiter Kunstgeschichtliche Sammlungen Tiroler Landesmuseen).<span class="Apple-converted-space"> </span></p>

<p>Während zwei Tagen am Samstag, 14 NOV und Sonntag, 15 NOV zwischen 13:00 und 18:00 haben Kunstinteressierte die einmalige Gelegenheit, einen Blick hinter die Kulissen künstlerischer Produktion zu werfen und mit Kunstschaffenden ins Gespräch zu kommen.  Der VIENNA ART WEEK ist es ein großes Anliegen,…</p>

<!-- This site is optimized with the Yoast SEO plugin v26.8 - https://yoast.com/product/yoast-seo-wordpress/ -->
<title>Open Studio Days 2020 | Vienna Art Week 2026</title>
<meta name="robots" content="index, follow, max-snippet:-1, max-image-preview:large, max-video-preview:-1" />
<link rel="canonical" href="https://www.viennaartweek.at/de/open-studio-days-2020/" />
<meta property="og:locale" content="de_DE" />
<meta property="og:type" content="article" />
<meta property="og:title" content="Open Studio Days 2020 | Vienna Art Week 2026" />
<meta property="og:description" content="Während zwei Tagen am Samstag, 14 NOV und Sonntag, 15 NOV zwischen 13:00 und 18:00 haben Kunstinteressierte die einmalige Gelegenheit, einen Blick hinter die Kulissen künstlerischer Produktion zu werfen und mit Kunstschaffenden ins Gespräch zu kommen.  Der VIENNA ART WEEK ist es ein großes Anliegen,…" />
<meta property="og:url" content="https://www.viennaartweek.at/de/open-studio-days-2020/" />
<meta property="og:site_name" content="Vienna Art Week 2026" />
<meta property="article:publisher" content="https://www.facebook.com/VIENNAARTWEEK/" />
<meta property="article:modified_time" content="2020-11-05T17:36:43+00:00" />
<meta name="twitter:card" content="summary_large_image" />
<meta name="twitter:site" content="@viennaartweek" />
<meta name="twitter:label1" content="Geschätzte Lesezeit" />
	<meta name="twitter:data1" content="1 Minute" />
<script type="application/ld+json" class="yoast-schema-graph">{"@context":"https://schema.org","@graph":[{"@type":"WebPage","@id":"https://www.viennaartweek.at/de/open-studio-days-2020/","url":"https://www.viennaartweek.at/de/open-studio-days-2020/","name":"Open Studio Days 2020 | Vienna Art Week 2026","isPartOf":{"@id":"https://www.viennaartweek.at/de/#website"},"datePublished":"2020-05-14T10:30:23+00:00","dateModified":"2020-11-05T17:36:43+00:00","breadcrumb":{"@id":"https://www.viennaartweek.at/de/open-studio-days-2020/#breadcrumb"},"inLanguage":"de","potentialAction":[{"@type":"ReadAction","target":["https://www.viennaartweek.at/de/open-studio-days-2020/"]}]},{"@type":"BreadcrumbList","@id":"https://www.viennaartweek.at/de/open-studio-days-2020/#breadcrumb","itemListElement":[{"@type":"ListItem","position":1,"name":"Home","item":"https://www.viennaartweek.at/de/home2022/"},{"@type":"ListItem","position":2,"name":"Open Studio Days 2020"}]},{"@type":"WebSite","@id":"https://www.viennaartweek.at/de/#website","url":"https://www.viennaartweek.at/de/","name":"Vienna Art Week 2025","description":"6-13 NOV 2026","publisher":{"@id":"https://www.viennaartweek.at/de/#organization"},"potentialAction":[{"@type":"SearchAction","target":{"@type":"EntryPoint","urlTemplate":"https://www.viennaartweek.at/de/?s={search_term_string}"},"query-input":{"@type":"PropertyValueSpecification","valueRequired":true,"valueName":"search_term_string"}}],"inLanguage":"de"},{"@type":"Organization","@id":"https://www.viennaartweek.at/de/#organization","name":"Vienna Art Week","url":"https://www.viennaartweek.at/de/","logo":{"@type":"ImageObject","inLanguage":"de","@id":"https://www.viennaartweek.at/de/#/schema/logo/image/","url":"https://www.viennaartweek.at/wp-content/uploads/2020/04/VAW-logo-01-VAW-BLACK.jpg","contentUrl":"https://www.viennaartweek.at/wp-content/uploads/2020/04/VAW-logo-01-VAW-BLACK.jpg","width":709,"height":484,"caption":"Vienna Art Week"},"image":{"@id":"https://www.viennaartweek.at/de/#/schema/logo/image/"},"sameAs":["https://www.facebook.com/VIENNAARTWEEK/","https://x.com/viennaartweek","https://www.instagram.com/viennaartweek","https://www.youtube.com/channel/UCKepCir33JArLzmYqGJGI1Q"]}]}</script>
<!-- / Yoast SEO plugin. -->

Während zwei Tagen am Samstag, 14 NOV und Sonntag, 15 NOV zwischen 13:00 und 18:00 haben Kunstinteressierte die einmalige Gelegenheit, einen Blick hinter die Kulissen künstlerischer Produktion zu werfen und mit Kunstschaffenden ins Gespräch zu kommen.  Der VIENNA ART WEEK ist es ein großes Anliegen,…
